 are the prime factors of q(w)?
19
Let b(q) = 3*q**3 + 16*q**2 + 10*q + 16. Let x(m) = m**3 + 5*m**2 + 3*m + 5. Let s(r) = 3*b(r) - 8*x(r). Suppose -2*z = -z + 7. List the prime factors of s(z).
3, 5
Suppose -3*b + 5*c - 14 = 0, 0*b + 26 = 5*b + 4*c. Suppose 0*o = b*o - 18. List the prime factors of o.
3
Suppose -2*l + 201 = v, -6*l - 553 = -3*v - 2*l. Suppose -2*k - v = -5*s, s + 2*k = -4*s + 179. What are the prime factors of s?
37
Let n(d) = -d**3 + 5*d**2 + 3. Let k = 2 - -3. Let h be n(k). Suppose -h*f + 3 = -2*o, 3 = o - 2*o + 2*f. List the prime factors of o.
3
Let p be (1/2)/(3/(-6)). Let h(s) = 8*s - 1. Let w be h(p). Let v(l) = -3*l - 13. List the prime factors of v(w).
2, 7
Let k(w) = -w**3 - w**2 - 3*w - 3. What are the prime factors of k(-3)?
2, 3
Let r be 6*(-1)/3*2. Let n(d) = -d**3 - 4*d**2 - d + 2. Let u be n(r). Suppose -u*l + l = -10. What are the prime factors of l?
2
Let v be (8/(-3))/(4/12). Let n(d) = d**2 + 8*d + 5. What are the prime factors of n(v)?
5
Let r(x) = 21*x**3 + 3*x**2 + x - 3. What are the prime factors of r(2)?
179
Let l = -3 + 8. Let r be (-2 + 9/3)*l. Suppose 4*q + 4*z - 60 = 0, r*q + 2*z + 0*z = 69. List the prime factors of q.
13
List the prime factors of -10 + 69 - 1*-1.
2, 3, 5
Suppose x = -4*x. Let u(c) be the first derivative of c**3/3 + c**2/2 + 11*c + 1. List the prime factors of u(x).
11
What are the prime factors of (-1)/(-5) - (-4314)/30?
2, 3
Let k(a) be the first derivative of -2*a**2 + 5*a - 6. What are the prime factors of k(-3)?
17
Let w(p) = 3*p - 21. Let z be w(14). What are the prime factors of 6/z - (-318)/14?
23
Suppose -4*a = -a - 12, 5*g + 2*a - 1133 = 0. What are the prime factors of g?
3, 5
List the prime factors of (-2)/(-7) - 246/(-21).
2, 3
Let z(s) = -6*s - 6. Suppose 4*i = -b - 24, -5*b + 3*i - 5 = -0*i. List the prime factors of z(b).
2, 3
Let z(x) = 15*x**2 - x - 3. List the prime factors of z(-2).
59
Let f(g) = g**3 + 7*g**2 + 4*g - 7. What are the prime factors of f(-6)?
5
Let g = -2 - -5. Suppose i - 30 = 2*j + g*i, -60 = 4*j - i. List the prime factors of 76/6*j/(-10).
19
Let z(h) = -h + 3. Let r(j) = -j + 1. Let y be r(6). Let n be z(y). List the prime factors of n/(-4) + 10/2.
3
Let d(u) be the first derivative of -3 - 1/3*u**3 - 3*u - 7/2*u**2. What are the prime factors of d(-4)?
3
Suppose -3*h - 4*k - 41 = -3*k, h + 2*k = -7. Suppose -16 - 5 = -i + r, 0 = -5*i - 4*r + 105. Let b = i + h. List the prime factors of b.
2, 3
Suppose -2*d + 4*d = 3*p + 554, -3*d + 4*p + 831 = 0. List the prime factors of d.
277
List the prime factors of (-238 + 1)*(-1 + 4)/(-9).
79
Suppose 91 - 13 = 2*g. Suppose -3*z - 3*q + 26 = -37, q = 2*z - g. What are the prime factors of z?
2, 5
Let m(b) = 3*b**2 - 2*b - 3. Let y = 2 + 1. List the prime factors of m(y).
2, 3
Let d(i) = 2*i**2 + 3*i - 5. List the prime factors of d(-4).
3, 5
Suppose -3*t - 1 + 10 = 0. Suppose t = s - 5. Suppose -s*c = -4*c - 76. What are the prime factors of c?
19
Suppose 5*p = p + 4, -5*p = -z - 13. Let v = 15 + z. Let f = -1 + v. List the prime factors of f.
2, 3
Let t = -67 - -110. What are the prime factors of t?
43
Let h = -3 + 8. Suppose -2*n - 165 = -h*n. Suppose 19 - n = -3*b. List the prime factors of b.
2, 3
Let l be (6 - 2) + (-4 - -4). Let n(z) = z**3 - 4*z**2 + 2*z + 1. What are the prime factors of n(l)?
3
Let a = -7 + 5. Let p = -2 - a. Suppose 0 = -3*f - p*f + 21. What are the prime factors of f?
7
Suppose 65 = 2*y - 111. What are the prime factors of y?
2, 11
Let o(u) = -u + 5. Let g be o(3). Let p = g + -5. Let h = p - -24. What are the prime factors of h?
3, 7
Suppose 0*u = -2*u + 86. What are the prime factors of u?
43
Let q be 2 - 1/1*0. Suppose 0 = 2*y + q*c - 34, -10 = -3*c + 2. List the prime factors of y.
13
Let t be 0/(-1) - (1 - 3). Let a(l) = l**2 - 2*l + 2. What are the prime factors of a(t)?
2
Suppose -23 = -3*m + 5*m + 5*c, -5 = -5*c. What are the prime factors of (9 - m)/(2/2)?
23
Let b(h) = h**2 + 10*h + 15. Let q be b(-10). Let m = q - -10. List the prime factors of m.
5
Let g be 3/(-2) - 3/(-6). Let k = g - -4. Let t = k + 5. List the prime factors of t.
2
List the prime factors of (-2 + -12)*(2 - 3).
2, 7
What are the prime factors of 498/24 + 1/4?
3, 7
Suppose -3*a - i = 2*a - 18, 5*a - 3*i - 6 = 0. What are the prime factors of a?
3
Let t be 4/(3 + 116/(-40)). Suppose 0 = 3*n - 4*u - 34 - t, 3*n - 2*u = 64. List the prime factors of n.
2, 3
Let r = 66 - 45. Suppose g - r = -2*g. List the prime factors of g.
7
Let s(p) = -p**3 + 8*p**2 - p - 8. Let l be ((-12)/(-9))/((-1)/(-6)). Let x be s(l). Let t = -5 - x. List the prime factors of t.
11
Suppose 128 = 2*o + 4*i, -2*o = -o - i - 52. List the prime factors of 1296/o + 2/(-14).
23
Let w be ((-21)/6 + 0)*2. Let d = 18 + w. List the prime factors of d.
11
Let y(i) = 4*i**2 - i - 11. What are the prime factors of y(4)?
7
Let h = 3 - 1. Suppose 16 + h = 2*u. List the prime factors of u.
3
Suppose j + 2*v - 66 + 10 = 0, 0 = -2*j + 3*v + 147. List the prime factors of j.
2, 3, 11
Let x(m) = -m**2 + 3*m. Let k = 2 + 3. Let u be (10/k)/(1 - 0). List the prime factors of x(u).
2
Suppose 20 = 3*r + 2*r. Suppose -8 - 2 = -2*x - 2*t, -5*x + r*t - 2 = 0. What are the prime factors of x?
2
Let n(t) = -7*t**2 + 8*t. Let y(c) = -15*c**2 + 16*c + 1. Let p(v) = -13*n(v) + 6*y(v). Let a be (6/4)/(9/48). List the prime factors of p(a).
2, 3
Let s(q) = q**3 + 7*q**2 - 9*q - 3. Let l be s(-7). Suppose l = -5*v + v. List the prime factors of ((-2)/3 + 0)*v.
2, 5
Let z(s) = 2*s - 7. Let f be z(5). Suppose -2*w = -w - f. What are the prime factors of w?
3
Let k(r) = -r**2 + 22*r + 57. List the prime factors of k(23).
2, 17
Let p be (-2)/8 - 27/(-12). Suppose 2*m = -7 - 1, -2*m - 20 = -p*i. What are the prime factors of 4/3*9/i?
2
Let y = -13 - -18. Suppose y*i + 12 = -18. What are the prime factors of ((-16)/i)/(6/18)?
2
Let r = 175 - 75. Suppose -5*y + 10*y = 20, 4*l - r = 3*y. What are the prime factors of l?
2, 7
Let z = -1 - -11. Let r = z + -3. Suppose -r - 17 = -4*c. What are the prime factors of c?
2, 3
Let v = 595 + -412. What are the prime factors of v?
3, 61
Let p(r) = 6*r + 2. Let v be p(2). Suppose 0 = 4*s - 3*z - v, -3 - 3 = -3*z. What are the prime factors of s?
5
Suppose 0*l - 34 = 2*l. Let t = 25 + l. Suppose 0*n + t = 2*n. What are the prime factors of n?
2
Suppose -5*h - 3*t + 89 = 0, 3*t = -3*h + 7*t + 65. What are the prime factors of (-3 - -2 - 0) + h?
2, 3
Let h = -15 + -19. Let x = 68 + h. What are the prime factors of x?
2, 17
Let q = 124 + -68. What are the prime factors of q?
2, 7
Suppose 830 = -4*g + 9*g. List the prime factors of g.
2, 83
Suppose -1 = 2*p + 5, -127 = -s + p. What are the prime factors of s?
2, 31
Let n be (-1701)/35 - 3/(-5). Let p = 67 + n. List the prime factors of p.
19
Suppose s = -0*s - 5, 3*g - 95 = -2*s. List the prime factors of g.
5, 7
Suppose -5*l + 275 = 6*l. What are the prime factors of l?
5
Suppose y + 0*y = 0. Suppose y = p - 2 + 27. Let f = -16 - p. List the prime factors of f.
3
Let b(a) = a - 2. Let l(v) = -v**3 - 2*v + 4. Let x(n) = 13*b(n) + 6*l(n). What are the prime factors of x(-2)?
2, 11
Suppose -a + 5 = -4*a + 5*i, 0 = 2*a + 3*i - 3. Let y = a - -4. What are the prime factors of y?
2
Suppose 0 = -5*b + 2*j + 170, -3*b + j + 81 = 4*j. List the prime factors of b.
2
Suppose -82 - 18 = -4*l. Suppose -3*c = -8*c + l. List the prime factors of c.
5
Suppose -5*z = -z - 8. List the prime factors of z.
2
Let d = -14 + 8. Let g = 1 - d. What are the prime factors of g?
7
Let a be (6 + -3)/3 - -3. Suppose 0*h - h = -a. Suppose 2*v + 33 = 5*l, 3 = 4*l + h*v - 1. What are the prime factors of l?
5
Let o(j) = j**2 + 8*j + 10. Let h be o(-7). Suppose h*p = -p + 104. List the prime factors of p.
2, 13
Suppose -k = -5*y - 0*k + 32, 5*y + 3*k = 24. Suppose -2*b = -3*w - 23, -3*b - 3*w = w + 8. Suppose 54 = b*p - y. List the prime factors of p.
3, 5
List the prime factors of ((-14)/(-6))/(1*(-3)/(-324)).
2, 3, 7
Suppose 0*t + 31 = 5*k + 3*t, 4*t - 8 = 0. Suppose -4*r + 3 + k = 0. List the prime factors of ((-4)/5)/(r/(-10)).
2
Suppose 0 = u + 2*u - 69. Suppose 0 = -2*o + 7 + u. List the prime factors of o.
3, 5
Let m be (-6)/(-6 + 3) - 5. List the prime factors of (3 - 0) + m - -23.
23
Let a be (